greatest common divisor of 1051385 and 5?
5
Calculate the highest common factor of 36419 and 1264.
79
Calculate the highest common factor of 1521 and 10387.
13
Calculate the greatest common divisor of 5154 and 12.
6
Calculate the greatest common factor of 9 and 2128545.
9
Calculate the greatest common divisor of 234 and 303342.
78
Calculate the highest common divisor of 74529 and 1323.
441
Calculate the greatest common factor of 271584 and 64288.
1312
What is the highest common divisor of 1374 and 282?
6
What is the highest common factor of 519 and 1695573?
519
Calculate the highest common divisor of 5 and 2691940.
5
Calculate the highest common divisor of 45 and 10390.
5
Calculate the greatest common factor of 311 and 15239.
311
Calculate the greatest common divisor of 18 and 7362.
18
What is the highest common divisor of 170 and 60656?
34
Calculate the greatest common factor of 33776 and 560.
16
What is the highest common divisor of 130438 and 1617?
539
Calculate the greatest common divisor of 60 and 9228.
12
What is the highest common factor of 247 and 35473?
19
Calculate the greatest common divisor of 2816925 and 1058.
529
Calculate the greatest common divisor of 2860 and 145420.
220
Calculate the highest common divisor of 6 and 57593.
1
What is the greatest common divisor of 448 and 219072?
448
Calculate the highest common divisor of 2267 and 4.
1
Calculate the highest common factor of 8668 and 81952.
788
Calculate the highest common factor of 760 and 192.
8
What is the greatest common factor of 4768 and 155854?
298
What is the highest common factor of 940 and 72145?
235
What is the greatest common divisor of 744170 and 14?
14
What is the greatest common divisor of 2409 and 99?
33
Calculate the highest common factor of 3487 and 239969.
317
Calculate the highest common divisor of 126 and 137466.
126
What is the highest common factor of 21162 and 6?
6
Calculate the highest common factor of 17093152 and 992.
992
Calculate the greatest common divisor of 167 and 321308.
167
What is the highest common factor of 1543344 and 8954?
814
Calculate the highest common divisor of 1872 and 11296.
16
Calculate the highest common divisor of 255 and 326281.
17
Calculate the highest common divisor of 40184 and 224.
8
Calculate the greatest common factor of 85246 and 28.
14
What is the greatest common divisor of 249767 and 93?
31
What is the highest common divisor of 1242 and 2220075?
621
What is the highest common factor of 204 and 2364?
12
Calculate the greatest common factor of 2704460 and 2508.
836
What is the highest common divisor of 3548499 and 498?
249
Calculate the highest common factor of 15903 and 8775.
27
What is the greatest common factor of 3 and 10192?
1
What is the greatest common divisor of 36 and 64998?
18
Calculate the highest common factor of 792 and 101079.
99
Calculate the greatest common divisor of 3257 and 10.
1
What is the greatest common divisor of 113753 and 19?
19
Calculate the highest common factor of 60750 and 1602.
18
What is the highest common divisor of 42 and 917882?
14
Calculate the highest common divisor of 98534 and 1938.
38
Calculate the greatest common factor of 20571 and 3.
3
What is the highest common factor of 20 and 716?
4
Calculate the highest common divisor of 14 and 1022882.
14
Calculate the greatest common divisor of 225445 and 55.
55
Calculate the greatest common factor of 76 and 34.
2
What is the greatest common factor of 305788 and 112?
28
What is the highest common divisor of 886444 and 208?
52
What is the greatest common divisor of 370 and 1216745?
185
Calculate the highest common factor of 481 and 629.
37
What is the highest common divisor of 274 and 666642?
274
Calculate the greatest common divisor of 53 and 155873.
53
What is the greatest common divisor of 20 and 3790?
10
What is the greatest common factor of 870 and 600000?
30
What is the greatest common divisor of 63 and 4613?
7
What is the highest common factor of 93677 and 15707?
113
Calculate the greatest common divisor of 1078 and 1058302.
98
What is the highest common divisor of 75650 and 102?
34
What is the highest common divisor of 285522 and 9039?
69
What is the greatest common divisor of 20 and 15614?
2
Calculate the highest common factor of 11319 and 6.
3
What is the highest common factor of 23 and 2952073?
23
Calculate the greatest common factor of 46742 and 8.
2
What is the greatest common divisor of 5814 and 82042?
646
What is the highest common divisor of 283080 and 3080?
280
Calculate the highest common factor of 448 and 46718.
14
Calculate the highest common divisor of 116649 and 27.
9
What is the highest common divisor of 1197957 and 788?
197
Calculate the highest common factor of 639099 and 9.
9
What is the greatest common divisor of 4340062 and 62?
62
What is the greatest common factor of 173179 and 61?
61
Calculate the highest common factor of 32882 and 74586.
802
What is the greatest common factor of 108485 and 65?
65
What is the greatest common factor of 12 and 17972?
4
What is the highest common divisor of 5121 and 5296821?
1707
What is the greatest common divisor of 5103 and 18018?
63
Calculate the greatest common divisor of 3504 and 16060.
292
Calculate the highest common divisor of 7875 and 2520.
315
Calculate the highest common factor of 9620 and 988.
52
Calculate the greatest common divisor of 3616800 and 192.
96
What is the greatest common factor of 5512 and 1534?
26
What is the greatest common divisor of 266 and 21742?
14
Calculate the highest common divisor of 52 and 1045876.
52
What is the highest common divisor of 88445 and 8664?
361
Calculate the greatest common factor of 196 and 1518461.
49
Calculate the greatest common divisor of 140064 and 180.
12
What is the highest common divisor of 902 and 4838?
82
What is the greatest common factor of 32 and 128456?
8
What is the greatest common divisor of 43372 and 28?
28
Calculate the greatest common divisor of 10 and 4819.
1
What is the greatest common divisor of 1200 and 3440?
80
What is the highest common divisor of 558 and 18476?
62
What is the greatest common divisor of 495135 and 5?
5
Calculate the highest common divisor of 400 and 1844200.
200
Calculate the highest common factor of 1956 and 1104.
12
What is the greatest common divisor of 24 and 18680?
8
Calculate the greatest common factor of 1288 and 100648.
184
What is the highest common factor of 14 and 4235042?
14
What is the highest common factor of 77664 and 384?
96
Calculate the greatest common factor of 40944 and 72.
24
What is the greatest common divisor of 2511 and 744?
93
Calculate the highest common divisor of 127432 and 646.
34
What is the highest common factor of 365083 and 67?
67
What is the highest common divisor of 2151 and 1274109?
717
Calculate the greatest common factor of 5124 and 3759.
21
Calculate the highest common factor of 2660 and 22900.
20
Calculate the greatest common divisor of 5760 and 195660.
180
What is the greatest common factor of 244 and 8723?
61
Calculate the greatest common factor of 1382 and 1815257.
691
What is the greatest common divisor of 2893 and 638?
11
Calculate the highest common divisor of 3 and 1857.
3
Calculate the greatest common divisor of 837 and 4991.
31
Calculate the highest common factor of 472610 and 38410.
1670
What is the highest common divisor of 988400 and 700?
700
What is the greatest common divisor of 2238 and 528914?
746
What is the highest common divisor of 182504 and 56?
56
What is the greatest common divisor of 114 and 305007?
57
Calculate the highest common factor of 1100 and 2486.
22
What is the greatest common divisor of 1466322 and 12?
6
What is the greatest common divisor of 66 and 6446?
22
Calculate the greatest common divisor of 90 and 81330.
30
What is the highest common divisor of 637312 and 208?
208
Calculate the highest common factor of 40060 and 4.
4
Calculate the highest common divisor of 106239 and 28.
7
Calculate the greatest common factor of 18084 and 3564.
132
What is the highest common divisor of 4774 and 7898?
22
What is the greatest common divisor of 465 and 1455?
15
Calculate the highest common factor of 1742 and 15921880.
1742
Calculate the highest common divisor of 54464 and 4440.
296
Calculate the highest common factor of 247